 171551976?
2, 3, 79, 90481
List the prime factors of 56102027.
37, 757, 2003
What are the prime factors of 189084053?
189084053
What are the prime factors of 13399156?
2, 23, 145643
What are the prime factors of 1502189411?
17, 88364083
List the prime factors of 32534444.
2, 8133611
What are the prime factors of 113567614?
2, 773, 73459
What are the prime factors of 260476468?
2, 7, 9302731
What are the prime factors of 2953063022?
2, 7, 13, 16225621
What are the prime factors of 437028452?
2, 7, 17, 31, 4231
List the prime factors of 862327345.
5, 11, 15678679
List the prime factors of 652813685.
5, 17, 19, 41, 9859
What are the prime factors of 855846829?
47, 1949, 9343
List the prime factors of 4995175503.
3, 61, 2719, 10039
List the prime factors of 841320343.
911, 923513
What are the prime factors of 34234768?
2, 37, 57829
What are the prime factors of 1032567304?
2, 129070913
What are the prime factors of 464943139?
464943139
List the prime factors of 1359853.
11, 181, 683
What are the prime factors of 4192492895?
5, 3023, 277373
List the prime factors of 833154883.
11, 19, 157, 25391
What are the prime factors of 182953948?
2, 1109, 41243
What are the prime factors of 23899115?
5, 313, 15271
What are the prime factors of 609103502?
2, 7, 43507393
List the prime factors of 190301626.
2, 127, 749219
What are the prime factors of 7756322674?
2, 47, 101, 816971
List the prime factors of 1158095989.
107, 10823327
What are the prime factors of 9611409?
3, 17, 188459
List the prime factors of 2371297558.
2, 7, 8093, 20929
List the prime factors of 3399597656.
2, 7, 13, 41, 53, 307
What are the prime factors of 1086392002?
2, 37, 67, 219119
What are the prime factors of 3252834646?
2, 1626417323
What are the prime factors of 58164117?
3, 11, 41, 42989
What are the prime factors of 206559796?
2, 109, 473761
What are the prime factors of 55753765?
5, 443, 25171
List the prime factors of 2854354443.
3, 5879, 161839
What are the prime factors of 27567591?
3, 17, 540541
List the prime factors of 1048668445.
5, 11, 19066699
List the prime factors of 2684052855.
3, 5, 11, 18257
What are the prime factors of 17590563?
3, 17, 6763
List the prime factors of 515517981.
3, 11, 163, 239, 401
What are the prime factors of 21855043?
7, 3122149
What are the prime factors of 446887426?
2, 107, 2088259
List the prime factors of 7695358.
2, 11, 31799
What are the prime factors of 96875541?
3, 7, 512569
What are the prime factors of 37286917?
41, 909437
What are the prime factors of 100585117?
100585117
What are the prime factors of 399976882?
2, 37, 5405093
List the prime factors of 61292697.
3, 20430899
List the prime factors of 52859949.
3, 17619983
List the prime factors of 437110019.
437110019
List the prime factors of 1953826475.
5, 43, 1817513
List the prime factors of 310855962.
2, 3, 373, 138899
What are the prime factors of 17362560?
2, 3, 5, 9043
What are the prime factors of 36053936?
2, 2253371
What are the prime factors of 122427844?
2, 7, 11, 397493
What are the prime factors of 20347389?
3, 53, 59, 241
List the prime factors of 308081180.
2, 5, 11, 1400369
List the prime factors of 195335656.
2, 19, 239, 283
What are the prime factors of 83948767?
7, 53, 71, 3187
List the prime factors of 117012803.
331, 337, 1049
What are the prime factors of 603848118?
2, 3, 23, 619, 7069
List the prime factors of 998715820.
2, 5, 71, 703321
List the prime factors of 57978212.
2, 607, 23879
What are the prime factors of 16874857?
61, 276637
List the prime factors of 812956389.
3, 7, 6029, 6421
List the prime factors of 106622654.
2, 2017, 26431
What are the prime factors of 905455048?
2, 71, 1594111
List the prime factors of 285969945.
3, 5, 19064663
List the prime factors of 517752695.
5, 103550539
What are the prime factors of 184703392?
2, 5771981
List the prime factors of 21125907.
3, 11, 83, 857
What are the prime factors of 3924877?
11, 163, 199
What are the prime factors of 3574587746?
2, 1787293873
List the prime factors of 210590940.
2, 3, 5, 7, 257, 1951
What are the prime factors of 1971835051?
1971835051
What are the prime factors of 5153105352?
2, 3, 29, 7403887
What are the prime factors of 703359703?
673, 1045111
List the prime factors of 69311623.
69311623
What are the prime factors of 2162845355?
5, 11, 31, 115321
What are the prime factors of 52174068?
2, 3, 4347839
List the prime factors of 2256424.
2, 282053
What are the prime factors of 76422194?
2, 829, 46093
What are the prime factors of 79859630?
2, 5, 1613, 4951
What are the prime factors of 11568511?
19, 97, 6277
What are the prime factors of 4138774126?
2, 59, 35074357
What are the prime factors of 88244672?
2, 1378823
List the prime factors of 3312551.
11, 301141
What are the prime factors of 2413221029?
8377, 288077
List the prime factors of 82841108.
2, 7, 523, 5657
What are the prime factors of 28812624?
2, 3, 109, 5507
List the prime factors of 2557363640.
2, 5, 13, 4918007
What are the prime factors of 30139744?
2, 199, 4733
List the prime factors of 653767771.
653767771
What are the prime factors of 94051852?
2, 23512963
What are the prime factors of 16359848?
2, 17, 120293
List the prime factors of 124348032.
2, 3, 107941
What are the prime factors of 76216446?
2, 3, 4234247
List the prime factors of 5925304181.
83, 367, 194521
What are the prime factors of 896904449?
7, 43, 2979749
What are the prime factors of 30309385?
5, 17, 293, 1217
List the prime factors of 16766433.
3, 206993
List the prime factors of 4870266102.
2, 3, 13, 73, 79, 401
List the prime factors of 23239094.
2, 11619547
What are the prime factors of 89942766?
2, 3, 41, 131, 2791
List the prime factors of 77977560.
2, 3, 5, 649813
List the prime factors of 109195379.
739, 147761
What are the prime factors of 86405007?
3, 13, 29, 241, 317
What are the prime factors of 373632493?
13, 23, 281, 4447
What are the prime factors of 150292308?
2, 3, 17, 127, 5801
List the prime factors of 35557118.
2, 17778559
List the prime factors of 453351987.
3, 11, 229, 19997
List the prime factors of 2232487830.
2, 3, 5, 821, 90641
List the prime factors of 41011824.
2, 3, 7, 47, 53
List the prime factors of 56447299.
67, 842497
List the prime factors of 1359922427.
71, 19153837
What are the prime factors of 57254955?
3, 5, 317, 12041
What are the prime factors of 15612806?
2, 11, 709673
List the prime factors of 39417209.
13, 3032093
List the prime factors of 383545544.
2, 47943193
What are the prime factors of 520150486?
2, 1877, 138559
List the prime factors of 1333378374.
2, 3, 17, 45233
List the prime factors of 1777424584.
2, 13, 17090621
What are the prime factors of 133981282?
2, 293, 228637
What are the prime factors of 21119036?
2, 1231, 4289
What are the prime factors of 96492852?
2, 3, 2680357
List the prime factors of 579919951.
13, 3431479
List the prime factors of 364206891.
3, 121402297
What are the prime factors of 252588406?
2, 7, 18042029
What are the prime factors of 29200124?
2, 673, 10847
List the prime factors of 12575617.
12575617
What are the prime factors of 206570906?
2, 5413, 19081
What are the prime factors of 469781046?
2, 3, 7, 414269
What are the prime factors of 31861426?
2, 15930713
List the prime factors of 731384207.
12739, 57413
List the prime factors of 400180410.
2, 3, 5, 7, 635207
List the prime factors of 161648747.
13, 181, 68699
List the prime factors of 745019980.
2, 5, 5669, 6571
What are the prime factors of 3649719813?
3, 1216573271
List the prime factors of 2789890258.
2, 271, 5147399
What are the prime factors of 1687574783?
1949, 865867
List the prime factors of 32985629.
2377, 13877
What are the prime factors of 1069723195?
5, 191, 223, 5023
List the prime factors of 156276560.
2, 5, 11, 257, 691
What are the prime factors of 1432332950?
2, 5, 41, 53, 13183
List the prime factors of 149996584.
2, 29, 646537
List the prime factors of 9570904.
2, 7, 277, 617
List the prime factors of 1730408504.
2, 11, 2017, 9749
What are the prime factors of 85778991?
3, 17, 157, 3571
What are the prime factors of 31595946?
2, 3, 2221, 2371
What are the prime factors of 33983932?
2, 19, 43, 10399
List the prime factors of 56377800.
2, 3, 5, 31321
List the prime factors of 94480121.
94480121